5*q + 1. What is the tens digit of -2*r/4*-23?
2
Suppose -3*k + 137 + 446 = 2*t, k - 199 = -3*t. What is the units digit of k?
3
Let f = -13 + 23. Let h(b) = 4 - 2 + 22*b - 5*b + f*b. What is the units digit of h(1)?
9
Let t = -1 + 1. Suppose t = 2*a + 1 - 15. Let r = 8 - a. What is the units digit of r?
1
Let n = -34 + 925. What is the tens digit of n?
9
Suppose 0 = i + 5*j - 15, -2*i + 3 = j - 0. Suppose i = n + 2, c - n - 140 = -3*n. Suppose r - 3*o = 25 + 19, -c = -4*r + 4*o. What is the units digit of r?
2
Let v(d) = -d**2 - 5*d + 3. Let i be v(-5). Suppose 6*f = i*f - 60. What is the units digit of 40*(-2)/f*8?
2
Let i(r) = -19*r - 1. Let x(a) = a - 1. Let k(u) = -3*u - 6. Let n(q) = -k(q) - 2*x(q). Let b be n(-9). What is the units digit of i(b)?
8
Suppose -p + 2*s + 9 = 0, -p - 4*s - 15 = -6*p. Let u be (2 + p)*1*5. Suppose -2*w - 150 = -u*w. What is the units digit of w?
0
Suppose 3*q - 4*i - 93 = 0, -4*q + 4*i + 124 = 2*i. Let h = q - 15. Suppose -l + 12 + h = 0. What is the tens digit of l?
2
Let g(p) = -p**3 - 22*p**2 + 184*p + 5. What is the tens digit of g(-29)?
5
Suppose 0 = -3*k + 2*y + 151 + 105, 5*k = 3*y + 428. What is the tens digit of k?
8
Let p(c) = c**2 + 5*c - 4. Let b be p(-6). Let v(r) = 3*r**3 - 3*r**2 + 3*r - 1. Let k be v(b). Suppose -4*g - k = -5*g. What is the units digit of g?
7
Let k be ((-44)/8 - -3)*6. Let t be (-14)/(-1)*k/(-6). What is the units digit of 198/7 - 10/t?
8
Suppose -5*j - 38 = -5*d - 13, 2*d - 11 = 3*j. Let a be -4 - -3 - d/(-1). Suppose a*g + 81 = 5*z, -3*z - 2*g = -26 - 34. What is the tens digit of z?
1
Let i be (60/(-9))/(-5)*9/(-6). Let z(x) = 3 - 1 - 24*x + 0 + 7*x. What is the units digit of z(i)?
6
Let c(z) = 6*z**2 + 2. Let b(i) = -2*i**3 - i**2 + 1. Let h be b(1). What is the units digit of c(h)?
6
Let g be 2046/(-165) + 4/10. What is the tens digit of (0 - (-166)/4)*(-24)/g?
8
Let v = -375 + 1211. What is the tens digit of v?
3
Let o = -7 - -12. Suppose -t - 4 = 4*q, 0*q - 2*q - 24 = -o*t. Suppose -t*w = -3*w - 12. What is the tens digit of w?
1
Let n be 39 - (4 + -1 + -3). Let c be (2/(-3))/(2/72). Let t = n + c. What is the tens digit of t?
1
Let l(m) be the third derivative of -m**4/24 + 4*m**3/3 - m**2. Let d be l(8). Suppose d = 3*x + 4*h - 24 - 14, -2*h + 40 = 5*x. What is the units digit of x?
6
Let r(c) = -c**2 + 8. Let x be r(0). Suppose 5*i - 12 = -x*z + 4*z, -4*i = 2*z. What is the units digit of z?
8
Suppose -12*r + 8*r + 228 = 0. Suppose -2*q = -r - 7. What is the units digit of q?
2
Suppose 981 = -27*w + 36*w. Suppose 0 = -u - w + 363. What is the hundreds digit of u?
2
Suppose -6 = -5*n + l, -2*l + 4*l - 4 = 2*n. Let w be 6 + ((-4)/2 - n). Suppose -w*s - s + 42 = 0. What is the tens digit of s?
1
Let o = 8738 - 6173. What is the tens digit of o?
6
Suppose -2801 - 12364 = -9*z. What is the thousands digit of z?
1
Suppose -246*l + 243*l = -11550. What is the hundreds digit of l?
8
Suppose -1592 = -5*s + 483. Suppose -2*o = 3*o - s. What is the units digit of o?
3
Let m = -44 + 80. Let r = 43 - m. What is the units digit of r?
7
Suppose 59*y - 12*y = 68432. What is the units digit of y?
6
Let s be 1230/6 + (1 - 2). Suppose 3*z + 200 = 2*p, -3*p = -5*p + 5*z + s. What is the tens digit of p?
9
Let a = 179 + -48. What is the tens digit of a?
3
Suppose 2*n + 22 = -5*r + r, 0 = 4*r + 20. Let c = n + 43. What is the tens digit of c?
4
Suppose 1088 = 5*r + 4*u, 4*r - 8*r + 3*u = -889. Let o = r + -146. What is the tens digit of o?
7
Let q = 16 + -11. Suppose -p = q*n - 124, -68 = -n - n - 5*p. What is the units digit of n?
4
Suppose 17*p - 19*p + 4651 = 5*q, 0 = -5*p + 15. What is the hundreds digit of q?
9
Let o(m) = -8*m - 7*m + 16*m - 2. Let a be o(5). Suppose 4*u + j - 2*j = 19, -a*u - 2*j + 17 = 0. What is the units digit of u?
5
Suppose 0 = 2*y - 4*y - 2*u + 70, 3*u = 3*y - 81. Let m = y + -23. What is the units digit of m?
8
Suppose 2*f + 27 = -j, -j + 35 = -5*f - 15. Let c(m) = 2*m**2 - 54. What is the tens digit of c(f)?
8
Let k(c) be the second derivative of -5*c**3/6 + 103*c**2/2 - 24*c. What is the tens digit of k(0)?
0
Let i be (-100)/(-6) + 12/(-18). Suppose -8 = -2*v + i. Let k = v + 0. What is the tens digit of k?
1
Suppose 4*t - 64 + 200 = 0. Let p = -6 - t. Suppose c - p = 5. What is the units digit of c?
3
Let r be 0/((2/(-3))/(6/(-18))). Suppose r = -f + 138 + 126. What is the tens digit of f?
6
Let n = 81 - 82. What is the tens digit of (n - 38*-5) + 3?
9
Suppose -11 = -3*i + 3*u + 10, i + 5*u = -17. Let m(h) = -h**2 - i*h + h**3 - 5 + 5. What is the units digit of m(3)?
9
Let z be (-1)/(-3) - (-2)/3. Let u(q) = z + 2*q**2 - q + 1 - 4*q + 0. What is the units digit of u(3)?
5
Let w be (-5588)/(-6) - (-2)/(-6). Suppose -367 + w = 3*d. What is the hundreds digit of d?
1
Let s(l) = 180*l + 123. What is the tens digit of s(11)?
0
Let r be 152/(-28) - 9/(-21). Let m(f) = 3*f - 6 - 6*f - f. What is the units digit of m(r)?
4
Suppose 163*w - 10050 = 148*w. What is the tens digit of w?
7
Let b be 5/((-20)/(-8)) + 0. Suppose 4*x - 2*m = -14, -4*m = x - b*x - 21. What is the units digit of (-2)/1*x/2?
1
Let b(x) = -x. Let a be b(-7). Suppose -a*i + 5*i = -30. Let d = 28 - i. What is the tens digit of d?
1
Let g = 2570 + -1411. What is the units digit of g?
9
Let h be (1 + 1 + 32)/2. Let m = -19 + 71. Suppose -5*b - h = -m. What is the units digit of b?
7
Let d = -26 - -21. Let a(p) = p**3 + 5*p**2 - 3*p + 15. What is the units digit of a(d)?
0
Suppose b + 7*a - 6*a - 2115 = 0, 5*a = b - 2145. What is the thousands digit of b?
2
Suppose 0 = -2*v + 3*l + 237, 3*v + 4*l - 258 = v. Suppose -3*b + 62 = 2*a, 0*a - v = -3*a + 3*b. What is the tens digit of a?
3
Suppose 39*a = -17336 + 111599. What is the hundreds digit of a?
4
Let i(r) = 240*r - 2. What is the hundreds digit of i(4)?
9
Let h(b) = b + 12. Let z be h(-10). Let s(o) = -8*o**3 - 2*o**2 + o - 2. Let p be s(z). Let l = p + 139. What is the units digit of l?
7
Let s = 30 - 41. Let n = 17 + s. What is the tens digit of (6/(-7))/(n/(-84))?
1
Let s(v) = v + 14. Let q be s(-14). Suppose 9*u - 14*u + 635 = q. What is the units digit of u?
7
Let v(x) = -135*x - 38. What is the tens digit of v(-4)?
0
Suppose -5*v - 223 + 713 = 0. What is the units digit of (v/4)/((-7)/(-2) - 3)?
9
Let z be (-9)/(-2)*(-8)/6. Let a(k) = -2*k**3 - k**2 - 19*k + 9. Let l(q) = -q**3 - 9*q + 4. Let m(s) = z*a(s) + 13*l(s). What is the units digit of m(3)?
6
Suppose 0 = k + 3*p + 64, -4*k + 3*p = -7*k - 162. Suppose 16*x + 191 = -209. Let f = x - k. What is the tens digit of f?
2
Let t(s) = -s**2 - 14*s - 11. Let f be (7 + 0)*90/63. Let i = f - 19. What is the units digit of t(i)?
4
Let q = -482 - -2766. What is the hundreds digit of q?
2
Let s(q) = -11*q**3 + 12*q**2 + 39*q + 20. What is the thousands digit of s(-7)?
4
Let j be ((-12)/(-18))/(2/12). What is the units digit of j - (-5 - -1)*1?
8
Let q(s) = -2*s**2 + 8*s + 12. Let h be q(5). Suppose -148 + 390 = h*z. What is the hundreds digit of z?
1
Suppose 3*u = -t + 413, 2 = t - 0. What is the hundreds digit of u?
1
Suppose 0*a = 6*a - 12. What is the units digit of (81 + 2 + a)/1?
5
Let i(f) = 2*f**3 - 16*f**2 + 24*f + 47. What is the tens digit of i(11)?
3
Let f(a) = -3*a + 12. Let s be f(6). What is the tens digit of (-294)/(-7)*(-4)/s?
2
Let a(r) = -5*r - 2 + 94*r**2 + 6*r + 1 + 0*r. Let v be a(1). Let n = -61 + v. What is the units digit of n?
3
Suppose i + o - 653 = -2*o, 0 = 2*i + 2*o - 1326. What is the units digit of i?
8
Let p = -101 - -147. Let m = p - -14. What is the units digit of m?
0
Suppose 0 = -14*j - 10*j + 17616. What is the hundreds digit of j?
7
Suppose x - 6 = -2*t, 6*x + 2*t = 3*x + 14. Let j(z) = 36*z - 5. What is the units digit of j(x)?
9
Suppose -1 = -w + 3. Suppose w*b + 0 + 36 = 0. Let d = 40 + b. What is the tens digit of d?
3
Suppose -m = 2*l + 1089, 5*m - 1025 = 4*l + 1118. What is the tens digit of l/(-6)*24/8?
7
Let a = -6 + 1. Let m(z) = -19*z - 4. What is the units digit of m(a)?
1
Let s = -69 - -74. Suppose 0 = -s*f + 329 + 21. What is the tens digit of f?
7
Let g be (1246/10 - -1) + (-4)/(-10). Let d = g + -90. What is the tens digit of d?
3
Let c be (27 + (-1)/1)*(-2)/2. What is the tens digit of (-1 + c/(-10))/((-6)/(-165))?
4
Let j be (-4)/10 + 